{"id":514,"date":"2026-02-18T10:07:12","date_gmt":"2026-02-18T09:07:12","guid":{"rendered":"https:\/\/toutestecritdansleslivres.fr\/?page_id=514"},"modified":"2026-03-31T16:02:32","modified_gmt":"2026-03-31T14:02:32","slug":"personnages-inspirants","status":"publish","type":"page","link":"https:\/\/toutestecritdansleslivres.fr\/index.php\/personnages-inspirants\/","title":{"rendered":"PERSONNAGES INSPIRANTS"},"content":{"rendered":"\n<h2 class=\"wp-block-heading\">\u265f\ufe0f Judit Polg\u00e1r<\/h2>\n\n\n\n<p><em>N\u00e9e le 23 juillet 1976 \u2013 Championne d\u2019\u00e9checs<\/em><\/p>\n\n\n\n<p>Le tr\u00e8s beau documentaire disponible sur Netflix consacr\u00e9 \u00e0 Judit Polg\u00e1r met en lumi\u00e8re le parcours absolument hors norme de cette joueuse d\u2019\u00e9checs hongroise.<\/p>\n\n\n\n<p>Dans un univers historiquement masculin et encore profond\u00e9ment impr\u00e9gn\u00e9 de pr\u00e9jug\u00e9s misogynes \u00e0 la fin du XX\u1d49 si\u00e8cle, Judit Polg\u00e1r a r\u00e9ussi l\u2019impensable : s\u2019imposer parmi les meilleurs joueurs du monde. \u00c0 seulement 15 ans et 4 mois, elle devient la plus jeune grand ma\u00eetre internationale de l\u2019histoire, battant un record vieux de 33 ans d\u00e9tenu par le l\u00e9gendaire Bobby Fischer.<\/p>\n\n\n\n<p>Mais au-del\u00e0 des chiffres et des performances, c\u2019est une trajectoire de courage et de d\u00e9termination qui impressionne. Refusant de concourir exclusivement dans les tournois f\u00e9minins, Judit choisit d\u2019affronter les meilleurs joueurs mondiaux, sans distinction de genre. Son ambition n\u2019\u00e9tait pas d\u2019\u00eatre \u201cla meilleure joueuse\u201d, mais bien l\u2019un des meilleurs joueurs, tout court.<\/p>\n\n\n\n<p>Sa rivalit\u00e9 avec son idole devenue adversaire, le mythique Garry Kasparov, symbolise cette conqu\u00eate d\u2019un territoire r\u00e9serv\u00e9. \u00c0 force de travail, d\u2019abn\u00e9gation et d\u2019un talent exceptionnel, elle parvient \u00e0 battre plusieurs champions du monde et \u00e0 int\u00e9grer le Top 10 mondial ; une premi\u00e8re pour une femme.<\/p>\n\n\n\n<p>\u00c0 travers ce documentaire, on comprend pourquoi Judit Polg\u00e1r m\u00e9rite pleinement sa place parmi les grandes figures inspirantes du XX\u1d49 si\u00e8cle. Sans militantisme revendiqu\u00e9, simplement par l\u2019excellence et la pers\u00e9v\u00e9rance, elle a contribu\u00e9 \u00e0 faire \u00e9voluer le regard port\u00e9 sur les femmes dans les milieux d\u2019\u00e9lite et \u00e0 red\u00e9finir les fronti\u00e8res du possible.<\/p>\n\n\n\n<p>Judit Polg\u00e1r n\u2019a pas seulement d\u00e9plac\u00e9 des pi\u00e8ces sur un \u00e9chiquier.<br>Elle a incontestablement fait bouger les lignes. A d\u00e9couvrir,<\/p>\n\n\n\n<p>Matthias D. , compl\u00e9t\u00e9 par CHAT GPT le 18 F\u00e9vrier 2026<\/p>\n\n\n\n<h3 class=\"wp-block-heading\">Alysa Liu \u2013 patineuse artistique \u2013 championne olympique 2026<br><\/h3>\n\n\n\n<figure class=\"wp-block-gallery has-nested-images columns-default is-cropped wp-block-gallery-1 is-layout-flex wp-block-gallery-is-layout-flex\">\n<figure class=\"wp-block-image size-large is-resized is-style-rounded\"><img loading=\"lazy\" decoding=\"async\" width=\"678\" height=\"1024\" data-id=\"606\" src=\"https:\/\/toutestecritdansleslivres.fr\/wp-content\/uploads\/2026\/03\/IMG_8015-678x1024.jpg\" alt=\"\" class=\"wp-image-606\" style=\"width:154px;height:auto\" srcset=\"https:\/\/toutestecritdansleslivres.fr\/wp-content\/uploads\/2026\/03\/IMG_8015-678x1024.jpg 678w, https:\/\/toutestecritdansleslivres.fr\/wp-content\/uploads\/2026\/03\/IMG_8015-199x300.jpg 199w, https:\/\/toutestecritdansleslivres.fr\/wp-content\/uploads\/2026\/03\/IMG_8015-768x1160.jpg 768w, https:\/\/toutestecritdansleslivres.fr\/wp-content\/uploads\/2026\/03\/IMG_8015-1017x1536.jpg 1017w, https:\/\/toutestecritdansleslivres.fr\/wp-content\/uploads\/2026\/03\/IMG_8015-780x1178.jpg 780w, https:\/\/toutestecritdansleslivres.fr\/wp-content\/uploads\/2026\/03\/IMG_8015.jpg 1206w\" sizes=\"auto, (max-width: 678px) 100vw, 678px\" \/><\/figure>\n\n\n\n<figure class=\"wp-block-image size-large is-resized is-style-rounded\"><img loading=\"lazy\" decoding=\"async\" width=\"1024\" height=\"665\" data-id=\"605\" src=\"https:\/\/toutestecritdansleslivres.fr\/wp-content\/uploads\/2026\/03\/IMG_7998-1024x665.jpg\" alt=\"\" class=\"wp-image-605\" style=\"width:190px;height:auto\" srcset=\"https:\/\/toutestecritdansleslivres.fr\/wp-content\/uploads\/2026\/03\/IMG_7998-1024x665.jpg 1024w, https:\/\/toutestecritdansleslivres.fr\/wp-content\/uploads\/2026\/03\/IMG_7998-300x195.jpg 300w, https:\/\/toutestecritdansleslivres.fr\/wp-content\/uploads\/2026\/03\/IMG_7998-768x499.jpg 768w, https:\/\/toutestecritdansleslivres.fr\/wp-content\/uploads\/2026\/03\/IMG_7998-780x506.jpg 780w, https:\/\/toutestecritdansleslivres.fr\/wp-content\/uploads\/2026\/03\/IMG_7998.jpg 1206w\" sizes=\"auto, (max-width: 1024px) 100vw, 1024px\" \/><\/figure>\n\n\n\n<figure class=\"wp-block-image size-large is-resized is-style-rounded\"><img loading=\"lazy\" decoding=\"async\" width=\"1024\" height=\"672\" data-id=\"604\" src=\"https:\/\/toutestecritdansleslivres.fr\/wp-content\/uploads\/2026\/03\/IMG_8001-1024x672.jpg\" alt=\"\" class=\"wp-image-604\" style=\"width:187px;height:auto\" srcset=\"https:\/\/toutestecritdansleslivres.fr\/wp-content\/uploads\/2026\/03\/IMG_8001-1024x672.jpg 1024w, https:\/\/toutestecritdansleslivres.fr\/wp-content\/uploads\/2026\/03\/IMG_8001-300x197.jpg 300w, https:\/\/toutestecritdansleslivres.fr\/wp-content\/uploads\/2026\/03\/IMG_8001-768x504.jpg 768w, https:\/\/toutestecritdansleslivres.fr\/wp-content\/uploads\/2026\/03\/IMG_8001-780x512.jpg 780w, https:\/\/toutestecritdansleslivres.fr\/wp-content\/uploads\/2026\/03\/IMG_8001.jpg 1206w\" sizes=\"auto, (max-width: 1024px) 100vw, 1024px\" \/><\/figure>\n<\/figure>\n\n\n\n<p>Surdou\u00e9e pr\u00e9coce du patinage artistique, Alysa Liu est l\u2019a\u00een\u00e9e d\u2019une fratrie de cinq enfants, \u00e9lev\u00e9s par leur p\u00e8re, Arthur Liu, dissident chinois r\u00e9fugi\u00e9 aux \u00c9tats-Unis.<\/p>\n\n\n\n<p>\u00c0 16 ans, apr\u00e8s avoir termin\u00e9 6\u1d49 aux Jeux olympiques d\u2019hiver de P\u00e9kin 2022, lass\u00e9e par les exigences du tr\u00e8s haut niveau, elle surprend en mettant un terme \u00e0 sa carri\u00e8re pour se consacrer \u00e0 la d\u00e9couverte du monde et \u00e0 d\u2019autres exp\u00e9riences de vie.<\/p>\n\n\n\n<p>Plus m\u00fbre, elle annonce en 2024 son retour \u00e0 la comp\u00e9tition, malgr\u00e9 des avis partag\u00e9s. Bien lui en a pris&#8230;<\/p>\n\n\n\n<p>En 2026, aux Jeux olympiques d\u2019hiver de Milan-Cortina 2026, apr\u00e8s un programme court ma\u00eetris\u00e9 qui la place en troisi\u00e8me position provisoire, le programme libre la propulse sur la plus haute marche du podium. Son sourire, sa tenue, son choix musical\u2026 et \u00e9videmment sa prestation sans faute partag\u00e9e avec un public conquis souffle un vent de fra\u00eecheur sur sa discipline. Une pr\u00e9sence inspirante, qui marquera sans nul doute les athl\u00e8tes de sa g\u00e9n\u00e9ration et bien au-del\u00e0.<\/p>\n\n\n\n<p><strong>\u00ab I like to struggle. It makes me feel alive. \u00bb, dixit Alysa Liu<\/strong><\/p>\n\n\n\n<p>Mathias D. &#8211; le 31 Mars 2026<\/p>\n","protected":false},"excerpt":{"rendered":"<p>\u265f\ufe0f Judit Polg\u00e1r N\u00e9e le 23 juillet 1976 \u2013 Championne d\u2019\u00e9checs Le tr\u00e8s beau documentaire disponible sur Netflix consacr\u00e9 \u00e0 Judit Polg\u00e1r met en lumi\u00e8re le parcours absolument hors norme de cette joueuse d\u2019\u00e9checs hongroise. Dans un univers historiquement masculin et encore profond\u00e9ment impr\u00e9gn\u00e9 de pr\u00e9jug\u00e9s misogynes \u00e0 la fin du XX\u1d49 si\u00e8cle, Judit Polg\u00e1r &hellip;<\/p>\n","protected":false},"author":1,"featured_media":0,"parent":0,"menu_order":0,"comment_status":"closed","ping_status":"closed","template":"","meta":{"footnotes":""},"class_list":["post-514","page","type-page","status-publish","hentry","entry entry-center"],"yoast_head":"<!-- This site is optimized with the Yoast SEO plugin v26.6 - https:\/\/yoast.com\/wordpress\/plugins\/seo\/ -->\n<title>PERSONNAGES INSPIRANTS - Tout est \u00e9crit dans les livres<\/title>\n<meta name=\"robots\" content=\"index, follow, max-snippet:-1, max-image-preview:large, max-video-preview:-1\" \/>\n<link rel=\"canonical\" href=\"https:\/\/toutestecritdansleslivres.fr\/index.php\/personnages-inspirants\/\" \/>\n<meta property=\"og:locale\" content=\"en_US\" \/>\n<meta property=\"og:type\" content=\"article\" \/>\n<meta property=\"og:title\" content=\"PERSONNAGES INSPIRANTS - Tout est \u00e9crit dans les livres\" \/>\n<meta property=\"og:description\" content=\"\u265f\ufe0f Judit Polg\u00e1r N\u00e9e le 23 juillet 1976 \u2013 Championne d\u2019\u00e9checs Le tr\u00e8s beau documentaire disponible sur Netflix consacr\u00e9 \u00e0 Judit Polg\u00e1r met en lumi\u00e8re le parcours absolument hors norme de cette joueuse d\u2019\u00e9checs hongroise. Dans un univers historiquement masculin et encore profond\u00e9ment impr\u00e9gn\u00e9 de pr\u00e9jug\u00e9s misogynes \u00e0 la fin du XX\u1d49 si\u00e8cle, Judit Polg\u00e1r &hellip;\" \/>\n<meta property=\"og:url\" content=\"https:\/\/toutestecritdansleslivres.fr\/index.php\/personnages-inspirants\/\" \/>\n<meta property=\"og:site_name\" content=\"Tout est \u00e9crit dans les livres\" \/>\n<meta property=\"article:modified_time\" content=\"2026-03-31T14:02:32+00:00\" \/>\n<meta property=\"og:image\" content=\"https:\/\/toutestecritdansleslivres.fr\/wp-content\/uploads\/2026\/03\/IMG_8015.jpg\" \/>\n\t<meta property=\"og:image:width\" content=\"1206\" \/>\n\t<meta property=\"og:image:height\" content=\"1821\" \/>\n\t<meta property=\"og:image:type\" content=\"image\/jpeg\" \/>\n<meta name=\"twitter:card\" content=\"summary_large_image\" \/>\n<meta name=\"twitter:label1\" content=\"Est. reading time\" \/>\n\t<meta name=\"twitter:data1\" content=\"3 minutes\" \/>\n<script type=\"application\/ld+json\" class=\"yoast-schema-graph\">{\"@context\":\"https:\/\/schema.org\",\"@graph\":[{\"@type\":\"WebPage\",\"@id\":\"https:\/\/toutestecritdansleslivres.fr\/index.php\/personnages-inspirants\/\",\"url\":\"https:\/\/toutestecritdansleslivres.fr\/index.php\/personnages-inspirants\/\",\"name\":\"PERSONNAGES INSPIRANTS - Tout est \u00e9crit dans les livres\",\"isPartOf\":{\"@id\":\"https:\/\/toutestecritdansleslivres.fr\/#website\"},\"primaryImageOfPage\":{\"@id\":\"https:\/\/toutestecritdansleslivres.fr\/index.php\/personnages-inspirants\/#primaryimage\"},\"image\":{\"@id\":\"https:\/\/toutestecritdansleslivres.fr\/index.php\/personnages-inspirants\/#primaryimage\"},\"thumbnailUrl\":\"https:\/\/toutestecritdansleslivres.fr\/wp-content\/uploads\/2026\/03\/IMG_8015-678x1024.jpg\",\"datePublished\":\"2026-02-18T09:07:12+00:00\",\"dateModified\":\"2026-03-31T14:02:32+00:00\",\"breadcrumb\":{\"@id\":\"https:\/\/toutestecritdansleslivres.fr\/index.php\/personnages-inspirants\/#breadcrumb\"},\"inLanguage\":\"en-US\",\"potentialAction\":[{\"@type\":\"ReadAction\",\"target\":[\"https:\/\/toutestecritdansleslivres.fr\/index.php\/personnages-inspirants\/\"]}]},{\"@type\":\"ImageObject\",\"inLanguage\":\"en-US\",\"@id\":\"https:\/\/toutestecritdansleslivres.fr\/index.php\/personnages-inspirants\/#primaryimage\",\"url\":\"https:\/\/toutestecritdansleslivres.fr\/wp-content\/uploads\/2026\/03\/IMG_8015.jpg\",\"contentUrl\":\"https:\/\/toutestecritdansleslivres.fr\/wp-content\/uploads\/2026\/03\/IMG_8015.jpg\",\"width\":1206,\"height\":1821,\"caption\":\"Screenshot\"},{\"@type\":\"BreadcrumbList\",\"@id\":\"https:\/\/toutestecritdansleslivres.fr\/index.php\/personnages-inspirants\/#breadcrumb\",\"itemListElement\":[{\"@type\":\"ListItem\",\"position\":1,\"name\":\"Accueil\",\"item\":\"https:\/\/toutestecritdansleslivres.fr\/\"},{\"@type\":\"ListItem\",\"position\":2,\"name\":\"PERSONNAGES INSPIRANTS\"}]},{\"@type\":\"WebSite\",\"@id\":\"https:\/\/toutestecritdansleslivres.fr\/#website\",\"url\":\"https:\/\/toutestecritdansleslivres.fr\/\",\"name\":\"Tout est \u00e9crit dans les livres\",\"description\":\"&quot;Plus vous saurez regarder loin dans le pass\u00e9, plus vous verrez loin dans l&#039;avenir&quot;  Winston Churchill\",\"publisher\":{\"@id\":\"https:\/\/toutestecritdansleslivres.fr\/#\/schema\/person\/5c835edc630016c730f255a432873c83\"},\"potentialAction\":[{\"@type\":\"SearchAction\",\"target\":{\"@type\":\"EntryPoint\",\"urlTemplate\":\"https:\/\/toutestecritdansleslivres.fr\/?s={search_term_string}\"},\"query-input\":{\"@type\":\"PropertyValueSpecification\",\"valueRequired\":true,\"valueName\":\"search_term_string\"}}],\"inLanguage\":\"en-US\"},{\"@type\":[\"Person\",\"Organization\"],\"@id\":\"https:\/\/toutestecritdansleslivres.fr\/#\/schema\/person\/5c835edc630016c730f255a432873c83\",\"name\":\"Matthias D.\",\"image\":{\"@type\":\"ImageObject\",\"inLanguage\":\"en-US\",\"@id\":\"https:\/\/toutestecritdansleslivres.fr\/#\/schema\/person\/image\/\",\"url\":\"https:\/\/secure.gravatar.com\/avatar\/27d4bf3dca6d17dd01557211a75b24bdee795619648ba76afa65abc6420c7203?s=96&d=mm&r=g\",\"contentUrl\":\"https:\/\/secure.gravatar.com\/avatar\/27d4bf3dca6d17dd01557211a75b24bdee795619648ba76afa65abc6420c7203?s=96&d=mm&r=g\",\"caption\":\"Matthias D.\"},\"logo\":{\"@id\":\"https:\/\/toutestecritdansleslivres.fr\/#\/schema\/person\/image\/\"},\"sameAs\":[\"http:\/\/toutestecritdansleslivres.fr\"]}]}<\/script>\n<!-- \/ Yoast SEO plugin. -->","yoast_head_json":{"title":"PERSONNAGES INSPIRANTS - Tout est \u00e9crit dans les livres","robots":{"index":"index","follow":"follow","max-snippet":"max-snippet:-1","max-image-preview":"max-image-preview:large","max-video-preview":"max-video-preview:-1"},"canonical":"https:\/\/toutestecritdansleslivres.fr\/index.php\/personnages-inspirants\/","og_locale":"en_US","og_type":"article","og_title":"PERSONNAGES INSPIRANTS - Tout est \u00e9crit dans les livres","og_description":"\u265f\ufe0f Judit Polg\u00e1r N\u00e9e le 23 juillet 1976 \u2013 Championne d\u2019\u00e9checs Le tr\u00e8s beau documentaire disponible sur Netflix consacr\u00e9 \u00e0 Judit Polg\u00e1r met en lumi\u00e8re le parcours absolument hors norme de cette joueuse d\u2019\u00e9checs hongroise. Dans un univers historiquement masculin et encore profond\u00e9ment impr\u00e9gn\u00e9 de pr\u00e9jug\u00e9s misogynes \u00e0 la fin du XX\u1d49 si\u00e8cle, Judit Polg\u00e1r &hellip;","og_url":"https:\/\/toutestecritdansleslivres.fr\/index.php\/personnages-inspirants\/","og_site_name":"Tout est \u00e9crit dans les livres","article_modified_time":"2026-03-31T14:02:32+00:00","og_image":[{"width":1206,"height":1821,"url":"https:\/\/toutestecritdansleslivres.fr\/wp-content\/uploads\/2026\/03\/IMG_8015.jpg","type":"image\/jpeg"}],"twitter_card":"summary_large_image","twitter_misc":{"Est. reading time":"3 minutes"},"schema":{"@context":"https:\/\/schema.org","@graph":[{"@type":"WebPage","@id":"https:\/\/toutestecritdansleslivres.fr\/index.php\/personnages-inspirants\/","url":"https:\/\/toutestecritdansleslivres.fr\/index.php\/personnages-inspirants\/","name":"PERSONNAGES INSPIRANTS - Tout est \u00e9crit dans les livres","isPartOf":{"@id":"https:\/\/toutestecritdansleslivres.fr\/#website"},"primaryImageOfPage":{"@id":"https:\/\/toutestecritdansleslivres.fr\/index.php\/personnages-inspirants\/#primaryimage"},"image":{"@id":"https:\/\/toutestecritdansleslivres.fr\/index.php\/personnages-inspirants\/#primaryimage"},"thumbnailUrl":"https:\/\/toutestecritdansleslivres.fr\/wp-content\/uploads\/2026\/03\/IMG_8015-678x1024.jpg","datePublished":"2026-02-18T09:07:12+00:00","dateModified":"2026-03-31T14:02:32+00:00","breadcrumb":{"@id":"https:\/\/toutestecritdansleslivres.fr\/index.php\/personnages-inspirants\/#breadcrumb"},"inLanguage":"en-US","potentialAction":[{"@type":"ReadAction","target":["https:\/\/toutestecritdansleslivres.fr\/index.php\/personnages-inspirants\/"]}]},{"@type":"ImageObject","inLanguage":"en-US","@id":"https:\/\/toutestecritdansleslivres.fr\/index.php\/personnages-inspirants\/#primaryimage","url":"https:\/\/toutestecritdansleslivres.fr\/wp-content\/uploads\/2026\/03\/IMG_8015.jpg","contentUrl":"https:\/\/toutestecritdansleslivres.fr\/wp-content\/uploads\/2026\/03\/IMG_8015.jpg","width":1206,"height":1821,"caption":"Screenshot"},{"@type":"BreadcrumbList","@id":"https:\/\/toutestecritdansleslivres.fr\/index.php\/personnages-inspirants\/#breadcrumb","itemListElement":[{"@type":"ListItem","position":1,"name":"Accueil","item":"https:\/\/toutestecritdansleslivres.fr\/"},{"@type":"ListItem","position":2,"name":"PERSONNAGES INSPIRANTS"}]},{"@type":"WebSite","@id":"https:\/\/toutestecritdansleslivres.fr\/#website","url":"https:\/\/toutestecritdansleslivres.fr\/","name":"Tout est \u00e9crit dans les livres","description":"&quot;Plus vous saurez regarder loin dans le pass\u00e9, plus vous verrez loin dans l&#039;avenir&quot;  Winston Churchill","publisher":{"@id":"https:\/\/toutestecritdansleslivres.fr\/#\/schema\/person\/5c835edc630016c730f255a432873c83"},"potentialAction":[{"@type":"SearchAction","target":{"@type":"EntryPoint","urlTemplate":"https:\/\/toutestecritdansleslivres.fr\/?s={search_term_string}"},"query-input":{"@type":"PropertyValueSpecification","valueRequired":true,"valueName":"search_term_string"}}],"inLanguage":"en-US"},{"@type":["Person","Organization"],"@id":"https:\/\/toutestecritdansleslivres.fr\/#\/schema\/person\/5c835edc630016c730f255a432873c83","name":"Matthias D.","image":{"@type":"ImageObject","inLanguage":"en-US","@id":"https:\/\/toutestecritdansleslivres.fr\/#\/schema\/person\/image\/","url":"https:\/\/secure.gravatar.com\/avatar\/27d4bf3dca6d17dd01557211a75b24bdee795619648ba76afa65abc6420c7203?s=96&d=mm&r=g","contentUrl":"https:\/\/secure.gravatar.com\/avatar\/27d4bf3dca6d17dd01557211a75b24bdee795619648ba76afa65abc6420c7203?s=96&d=mm&r=g","caption":"Matthias D."},"logo":{"@id":"https:\/\/toutestecritdansleslivres.fr\/#\/schema\/person\/image\/"},"sameAs":["http:\/\/toutestecritdansleslivres.fr"]}]}},"_links":{"self":[{"href":"https:\/\/toutestecritdansleslivres.fr\/index.php\/wp-json\/wp\/v2\/pages\/514","targetHints":{"allow":["GET"]}}],"collection":[{"href":"https:\/\/toutestecritdansleslivres.fr\/index.php\/wp-json\/wp\/v2\/pages"}],"about":[{"href":"https:\/\/toutestecritdansleslivres.fr\/index.php\/wp-json\/wp\/v2\/types\/page"}],"author":[{"embeddable":true,"href":"https:\/\/toutestecritdansleslivres.fr\/index.php\/wp-json\/wp\/v2\/users\/1"}],"replies":[{"embeddable":true,"href":"https:\/\/toutestecritdansleslivres.fr\/index.php\/wp-json\/wp\/v2\/comments?post=514"}],"version-history":[{"count":12,"href":"https:\/\/toutestecritdansleslivres.fr\/index.php\/wp-json\/wp\/v2\/pages\/514\/revisions"}],"predecessor-version":[{"id":619,"href":"https:\/\/toutestecritdansleslivres.fr\/index.php\/wp-json\/wp\/v2\/pages\/514\/revisions\/619"}],"wp:attachment":[{"href":"https:\/\/toutestecritdansleslivres.fr\/index.php\/wp-json\/wp\/v2\/media?parent=514"}],"curies":[{"name":"wp","href":"https:\/\/api.w.org\/{rel}","templated":true}]}}